{"id":849,"date":"2019-02-16T13:03:45","date_gmt":"2019-02-16T13:03:45","guid":{"rendered":"https:\/\/trabietoer.nl\/arrangement\/?page_id=849"},"modified":"2025-01-15T20:21:30","modified_gmt":"2025-01-15T20:21:30","slug":"berghem-meer-info","status":"publish","type":"page","link":"https:\/\/trabietoer.nl\/arrangement\/?page_id=849","title":{"rendered":"Berghem: Eten en Drinken"},"content":{"rendered":"<p>Uitgebreide Lijst van de mogelijkheden in de Horeca.<\/p>\n<p><strong>\u2022 Bourgondische BBQ Buffet<\/strong> (Max tijdsduur 2 uur)<\/p>\n<p>Waar je zelf niks voor hoeft te doen, alleen maar van mag genieten. De specialiteit van d\u2019n Dort. Onze gastheren &amp; -dames zorgen ervoor dat het u en uw gezelschap aan niks zal ontbreken. Vlees; Kipsat\u00e9, Burger 100gr, Speklap en BBQ worst: Vis; Gamba spies Garnering; Huzarensalade, Fruitsalade, Tonijnsalade, Kartoffelsalat, Pasta salade, Cous Cous salade, Brood, dippings &amp; sausje. Een vegetarische- of halal maaltijd is ook mogelijk.<br \/>\nVanaf 30 personen.<\/p>\n<p><strong>\u2022 Winter BBQ Buffet<\/strong> (Max tijdsduur 2 uur)<\/p>\n<p>\u201cOh baby it\u2019s cold outside\u201d De perfecte tekst voor een gezellige bijeenkomst in een Duitse marinade met een Oostenrijks jasje. In winterse sferen smakelijk eten van diverse lekkernijen met de Apres ski hits op de achtergrond. Vlees; Bratwurst \u2013 Beenham \u2013 Schnitzel: Vis; vispakketje Garnering; R\u00f6sti, Sauerkrautstamp, Bratkartoffeln, Sp\u00e4tzle, Rauwkost, Salade, J\u00e4gersaus, Brood, dippings &amp; sausjes.<br \/>\nVanaf 30 personen.<\/p>\n<p><strong>\u2022 Polderhapjes Buffet<\/strong> (Max tijdsduur 2 uur)<\/p>\n<p>Het goede polderleven proef je bij dit buffet. Lekker en gezellig voor in de middag of vroege avond. Vlees; Worsten uit de streek, Beenham, Gehaktballetjes in boerentomatensaus en Kip spiesjes Salades; Rundvleessalade en rauwkost Garnering; Diverse kazen, broodsoorten met salades, dippings &amp; smeersels Pizza\u2019s; Caprese, tonijn, Serrano &amp; Salami.<br \/>\nVanaf 30 personen.<\/p>\n<p><strong>\u2022 Tapas Buffet <\/strong>(Max tijdsduur 2 uur)<\/p>\n<p>Makelijk genieten van allerlei Zuid-Europese lekkernijen en doordat het allemaal kleine gerechtjes zijn zal je blijven proeven! Vlees; Serrano &amp; Meloen, Carpaccio, Kipkluifjes, Spare Ribs en Gehaktballetjes in tomatensaus: Vis; Gamba spiesje, Diverse salades; Caprese, Pasta Pesto, Cous Cous, Tonijn en Rauwkost Garnering; Olijfjes, Ma\u00efskolfjes, Tomaatjes, Brood, dippings &amp; sausjes.<br \/>\nVanaf 30 personen.<\/p>\n<p><strong>\u2022 Toet d\u2019n Dort.<\/strong><\/p>\n<p>Een heerlijke zoete afsluiter om de dag met zijn allen smakelijk af te ronden. Altijd met een knipoog naar het seizoen.<\/p>\n<p><strong>\u2022 Standaard drankarrangement <\/strong>(Max tijdsduur 2 uur &#8211; op aanvraag te verlengen)<\/p>\n<p>Bier \/ wijn \/ fris \/ Radler &amp; Heineken 0.0% \/ Weizen van de tap \/ Hugo &amp; Hugo 0.0% \/ Apfelkorn \/ Bessen jenever \/ Jonge jenever \/ Bacardi. Om gezellig en onbezorgd samen te borrelen.)<br \/>\nVanaf 30 personen.<\/p>\n<p><strong>\u2022 Afsluiting bij Prijsuitreiking <\/strong><\/p>\n<p>Bij terugkomst van het Trabantrijden worden u en uw gasten weer hartelijk terug ontvangen bij d\u2019n Dort. Een hartig tafelgarnituur zal in de vorm van zoutjes &amp; nootjes voor u op tafel staan en samen met een bourgondische bitterbal &amp; twee consumpties rond u zo de mooie rit perfect af.<\/p>\n<p><strong>Bij een ochtend of dag vullend programma:<\/strong><\/p>\n<p><strong>\u2022 Gezellige Lunch HIGH TEA.<\/strong> (Max tijdsduur 2 uur)<\/p>\n<p>Sharing = caring. Samen snoepen van allerlei zoete en hartige lekkernijen. Hartige hapjes broodjes &amp; sandwiches Vers Seizoen soepje Zoete lekkernijen Drie rondes lekkernijen en onbeperkt thee, koffie, sap &amp; water. Een vegetarische- of halal lunch is ook mogelijk.<br \/>\nVanaf 20 personen.<\/p>\n<p><strong>\u2022 Lunch Buffet. <\/strong>(Max tijdsduur 1 uur)<\/p>\n<p>Met een stevige Brabantse lunch op zak, kun je de hele wereld aan! Diverse belegde broodjes; Ham, Kaas, Brie, Tonijnsalade en Eiersalade, Vlees; Worstenbroodje en Kroket, Salades; Rauwkost en Slasalade, Drankjes; Koffie, Thee, Melk, Jus d\u2019orange, Appelsap en water. Een vegetarische- of halal lunch is ook mogelijk.<br \/>\nVanaf 20 personen.<\/p>\n<p>Goed om te weten \u2013 Catering is alleen mogelijk in combinatie met evenementen bij Trabietoer-Trabanthuren. \u2013 Bij speciale wensen of idee\u00ebn denken wij uiteraard graag mee! \u2013 Barbecues en buffetten zijn mogelijk vanaf 30 personen (minder personen in overleg). \u2013 Alle prijzen zijn per persoon en inclusief 9% \/ 21% BTW. \u2013 Alle genoemde horeca is exclusief drank. \u2013 Onder voorbehoud van prijswijzigingen en samenstelling. \u2013 Op onze locatie mogen eigen meegebrachte etenswaren en drankjes niet worden genuttigd.<\/p>\n<p><a href=\"https:\/\/trabietoer.nl\/arrangement\/wp-content\/uploads\/2024\/09\/2019062103.jpg\"><img loading=\"lazy\" decoding=\"async\" class=\"alignnone size-medium wp-image-1710\" src=\"https:\/\/trabietoer.nl\/arrangement\/wp-content\/uploads\/2024\/09\/2019062103-300x225.jpg\" alt=\"\" width=\"300\" height=\"225\" srcset=\"https:\/\/trabietoer.nl\/arrangement\/wp-content\/uploads\/2024\/09\/2019062103-300x225.jpg 300w, https:\/\/trabietoer.nl\/arrangement\/wp-content\/uploads\/2024\/09\/2019062103.jpg 400w\" sizes=\"auto, (max-width: 300px) 100vw, 300px\" \/><\/a> <a href=\"https:\/\/trabietoer.nl\/arrangement\/wp-content\/uploads\/2024\/09\/20220616_082912.jpg\"><img loading=\"lazy\" decoding=\"async\" class=\"alignnone size-medium wp-image-1709\" src=\"https:\/\/trabietoer.nl\/arrangement\/wp-content\/uploads\/2024\/09\/20220616_082912-300x300.jpg\" alt=\"\" width=\"300\" height=\"300\" srcset=\"https:\/\/trabietoer.nl\/arrangement\/wp-content\/uploads\/2024\/09\/20220616_082912-300x300.jpg 300w, https:\/\/trabietoer.nl\/arrangement\/wp-content\/uploads\/2024\/09\/20220616_082912-150x150.jpg 150w, https:\/\/trabietoer.nl\/arrangement\/wp-content\/uploads\/2024\/09\/20220616_082912.jpg 400w\" sizes=\"auto, (max-width: 300px) 100vw, 300px\" \/><\/a><\/p>\n<p><a href=\"https:\/\/trabietoer.nl\/arrangement\/wp-content\/uploads\/2024\/09\/2021072301.jpg\"><img loading=\"lazy\" decoding=\"async\" class=\"alignnone size-medium wp-image-1713\" src=\"https:\/\/trabietoer.nl\/arrangement\/wp-content\/uploads\/2024\/09\/2021072301-300x225.jpg\" alt=\"\" width=\"300\" height=\"225\" srcset=\"https:\/\/trabietoer.nl\/arrangement\/wp-content\/uploads\/2024\/09\/2021072301-300x225.jpg 300w, https:\/\/trabietoer.nl\/arrangement\/wp-content\/uploads\/2024\/09\/2021072301.jpg 400w\" sizes=\"auto, (max-width: 300px) 100vw, 300px\" \/><\/a> <a href=\"https:\/\/trabietoer.nl\/arrangement\/wp-content\/uploads\/2024\/09\/2019062201.jpg\"><img loading=\"lazy\" decoding=\"async\" class=\"alignnone size-medium wp-image-1711\" src=\"https:\/\/trabietoer.nl\/arrangement\/wp-content\/uploads\/2024\/09\/2019062201-300x225.jpg\" alt=\"\" width=\"300\" height=\"225\" srcset=\"https:\/\/trabietoer.nl\/arrangement\/wp-content\/uploads\/2024\/09\/2019062201-300x225.jpg 300w, https:\/\/trabietoer.nl\/arrangement\/wp-content\/uploads\/2024\/09\/2019062201.jpg 400w\" sizes=\"auto, (max-width: 300px) 100vw, 300px\" \/><\/a><\/p>\n","protected":false},"excerpt":{"rendered":"<p>Uitgebreide Lijst van de mogelijkheden in de Horeca. \u2022 Bourgondische BBQ Buffet (Max tijdsduur 2 uur) Waar je zelf niks voor hoeft te doen, alleen maar van mag genieten. De specialiteit van d\u2019n Dort. Onze gastheren &amp; -dames zorgen ervoor dat het u en uw gezelschap aan niks zal ontbreken. Vlees; Kipsat\u00e9, Burger 100gr, Speklap [&hellip;]<\/p>\n","protected":false},"author":1,"featured_media":0,"parent":0,"menu_order":0,"comment_status":"closed","ping_status":"closed","template":"","meta":{"footnotes":""},"class_list":["post-849","page","type-page","status-publish","hentry"],"yoast_head":"<!-- This site is optimized with the Yoast SEO plugin v27.5 - https:\/\/yoast.com\/product\/yoast-seo-wordpress\/ -->\n<title>Berghem: Eten en Drinken - Trabietoer<\/title>\n<meta name=\"robots\" content=\"index, follow, max-snippet:-1, max-image-preview:large, max-video-preview:-1\" \/>\n<link rel=\"canonical\" href=\"https:\/\/trabietoer.nl\/arrangement\/?page_id=849\" \/>\n<meta property=\"og:locale\" content=\"nl_NL\" \/>\n<meta property=\"og:type\" content=\"article\" \/>\n<meta property=\"og:title\" content=\"Berghem: Eten en Drinken - Trabietoer\" \/>\n<meta property=\"og:description\" content=\"Uitgebreide Lijst van de mogelijkheden in de Horeca. \u2022 Bourgondische BBQ Buffet (Max tijdsduur 2 uur) Waar je zelf niks voor hoeft te doen, alleen maar van mag genieten. De specialiteit van d\u2019n Dort. Onze gastheren &amp; -dames zorgen ervoor dat het u en uw gezelschap aan niks zal ontbreken. Vlees; Kipsat\u00e9, Burger 100gr, Speklap [&hellip;]\" \/>\n<meta property=\"og:url\" content=\"https:\/\/trabietoer.nl\/arrangement\/?page_id=849\" \/>\n<meta property=\"og:site_name\" content=\"Trabietoer\" \/>\n<meta property=\"article:publisher\" content=\"https:\/\/www.facebook.com\/trabietoer\" \/>\n<meta property=\"article:modified_time\" content=\"2025-01-15T20:21:30+00:00\" \/>\n<meta property=\"og:image\" content=\"https:\/\/trabietoer.nl\/arrangement\/wp-content\/uploads\/2024\/09\/2019062103.jpg\" \/>\n\t<meta property=\"og:image:width\" content=\"400\" \/>\n\t<meta property=\"og:image:height\" content=\"300\" \/>\n\t<meta property=\"og:image:type\" content=\"image\/jpeg\" \/>\n<meta name=\"twitter:label1\" content=\"Verwachte leestijd\" \/>\n\t<meta name=\"twitter:data1\" content=\"4 minuten\" \/>\n<script type=\"application\/ld+json\" class=\"yoast-schema-graph\">{\"@context\":\"https:\\\/\\\/schema.org\",\"@graph\":[{\"@type\":\"WebPage\",\"@id\":\"https:\\\/\\\/trabietoer.nl\\\/arrangement\\\/?page_id=849\",\"url\":\"https:\\\/\\\/trabietoer.nl\\\/arrangement\\\/?page_id=849\",\"name\":\"Berghem: Eten en Drinken - Trabietoer\",\"isPartOf\":{\"@id\":\"https:\\\/\\\/trabietoer.nl\\\/arrangement\\\/#website\"},\"primaryImageOfPage\":{\"@id\":\"https:\\\/\\\/trabietoer.nl\\\/arrangement\\\/?page_id=849#primaryimage\"},\"image\":{\"@id\":\"https:\\\/\\\/trabietoer.nl\\\/arrangement\\\/?page_id=849#primaryimage\"},\"thumbnailUrl\":\"https:\\\/\\\/trabietoer.nl\\\/arrangement\\\/wp-content\\\/uploads\\\/2024\\\/09\\\/2019062103-300x225.jpg\",\"datePublished\":\"2019-02-16T13:03:45+00:00\",\"dateModified\":\"2025-01-15T20:21:30+00:00\",\"inLanguage\":\"nl-NL\",\"potentialAction\":[{\"@type\":\"ReadAction\",\"target\":[\"https:\\\/\\\/trabietoer.nl\\\/arrangement\\\/?page_id=849\"]}]},{\"@type\":\"ImageObject\",\"inLanguage\":\"nl-NL\",\"@id\":\"https:\\\/\\\/trabietoer.nl\\\/arrangement\\\/?page_id=849#primaryimage\",\"url\":\"https:\\\/\\\/trabietoer.nl\\\/arrangement\\\/wp-content\\\/uploads\\\/2024\\\/09\\\/2019062103.jpg\",\"contentUrl\":\"https:\\\/\\\/trabietoer.nl\\\/arrangement\\\/wp-content\\\/uploads\\\/2024\\\/09\\\/2019062103.jpg\",\"width\":400,\"height\":300},{\"@type\":\"WebSite\",\"@id\":\"https:\\\/\\\/trabietoer.nl\\\/arrangement\\\/#website\",\"url\":\"https:\\\/\\\/trabietoer.nl\\\/arrangement\\\/\",\"name\":\"Trabietoer\",\"description\":\"Voor de leukste Trabant uitjes\",\"publisher\":{\"@id\":\"https:\\\/\\\/trabietoer.nl\\\/arrangement\\\/#organization\"},\"potentialAction\":[{\"@type\":\"SearchAction\",\"target\":{\"@type\":\"EntryPoint\",\"urlTemplate\":\"https:\\\/\\\/trabietoer.nl\\\/arrangement\\\/?s={search_term_string}\"},\"query-input\":{\"@type\":\"PropertyValueSpecification\",\"valueRequired\":true,\"valueName\":\"search_term_string\"}}],\"inLanguage\":\"nl-NL\"},{\"@type\":\"Organization\",\"@id\":\"https:\\\/\\\/trabietoer.nl\\\/arrangement\\\/#organization\",\"name\":\"Trabietoer\",\"url\":\"https:\\\/\\\/trabietoer.nl\\\/arrangement\\\/\",\"logo\":{\"@type\":\"ImageObject\",\"inLanguage\":\"nl-NL\",\"@id\":\"https:\\\/\\\/trabietoer.nl\\\/arrangement\\\/#\\\/schema\\\/logo\\\/image\\\/\",\"url\":\"https:\\\/\\\/trabietoer.nl\\\/arrangement\\\/wp-content\\\/uploads\\\/2024\\\/09\\\/11020805.jpg\",\"contentUrl\":\"https:\\\/\\\/trabietoer.nl\\\/arrangement\\\/wp-content\\\/uploads\\\/2024\\\/09\\\/11020805.jpg\",\"width\":400,\"height\":267,\"caption\":\"Trabietoer\"},\"image\":{\"@id\":\"https:\\\/\\\/trabietoer.nl\\\/arrangement\\\/#\\\/schema\\\/logo\\\/image\\\/\"},\"sameAs\":[\"https:\\\/\\\/www.facebook.com\\\/trabietoer\"]}]}<\/script>\n<!-- \/ Yoast SEO plugin. -->","yoast_head_json":{"title":"Berghem: Eten en Drinken - Trabietoer","robots":{"index":"index","follow":"follow","max-snippet":"max-snippet:-1","max-image-preview":"max-image-preview:large","max-video-preview":"max-video-preview:-1"},"canonical":"https:\/\/trabietoer.nl\/arrangement\/?page_id=849","og_locale":"nl_NL","og_type":"article","og_title":"Berghem: Eten en Drinken - Trabietoer","og_description":"Uitgebreide Lijst van de mogelijkheden in de Horeca. \u2022 Bourgondische BBQ Buffet (Max tijdsduur 2 uur) Waar je zelf niks voor hoeft te doen, alleen maar van mag genieten. De specialiteit van d\u2019n Dort. Onze gastheren &amp; -dames zorgen ervoor dat het u en uw gezelschap aan niks zal ontbreken. Vlees; Kipsat\u00e9, Burger 100gr, Speklap [&hellip;]","og_url":"https:\/\/trabietoer.nl\/arrangement\/?page_id=849","og_site_name":"Trabietoer","article_publisher":"https:\/\/www.facebook.com\/trabietoer","article_modified_time":"2025-01-15T20:21:30+00:00","og_image":[{"width":400,"height":300,"url":"https:\/\/trabietoer.nl\/arrangement\/wp-content\/uploads\/2024\/09\/2019062103.jpg","type":"image\/jpeg"}],"twitter_misc":{"Verwachte leestijd":"4 minuten"},"schema":{"@context":"https:\/\/schema.org","@graph":[{"@type":"WebPage","@id":"https:\/\/trabietoer.nl\/arrangement\/?page_id=849","url":"https:\/\/trabietoer.nl\/arrangement\/?page_id=849","name":"Berghem: Eten en Drinken - Trabietoer","isPartOf":{"@id":"https:\/\/trabietoer.nl\/arrangement\/#website"},"primaryImageOfPage":{"@id":"https:\/\/trabietoer.nl\/arrangement\/?page_id=849#primaryimage"},"image":{"@id":"https:\/\/trabietoer.nl\/arrangement\/?page_id=849#primaryimage"},"thumbnailUrl":"https:\/\/trabietoer.nl\/arrangement\/wp-content\/uploads\/2024\/09\/2019062103-300x225.jpg","datePublished":"2019-02-16T13:03:45+00:00","dateModified":"2025-01-15T20:21:30+00:00","inLanguage":"nl-NL","potentialAction":[{"@type":"ReadAction","target":["https:\/\/trabietoer.nl\/arrangement\/?page_id=849"]}]},{"@type":"ImageObject","inLanguage":"nl-NL","@id":"https:\/\/trabietoer.nl\/arrangement\/?page_id=849#primaryimage","url":"https:\/\/trabietoer.nl\/arrangement\/wp-content\/uploads\/2024\/09\/2019062103.jpg","contentUrl":"https:\/\/trabietoer.nl\/arrangement\/wp-content\/uploads\/2024\/09\/2019062103.jpg","width":400,"height":300},{"@type":"WebSite","@id":"https:\/\/trabietoer.nl\/arrangement\/#website","url":"https:\/\/trabietoer.nl\/arrangement\/","name":"Trabietoer","description":"Voor de leukste Trabant uitjes","publisher":{"@id":"https:\/\/trabietoer.nl\/arrangement\/#organization"},"potentialAction":[{"@type":"SearchAction","target":{"@type":"EntryPoint","urlTemplate":"https:\/\/trabietoer.nl\/arrangement\/?s={search_term_string}"},"query-input":{"@type":"PropertyValueSpecification","valueRequired":true,"valueName":"search_term_string"}}],"inLanguage":"nl-NL"},{"@type":"Organization","@id":"https:\/\/trabietoer.nl\/arrangement\/#organization","name":"Trabietoer","url":"https:\/\/trabietoer.nl\/arrangement\/","logo":{"@type":"ImageObject","inLanguage":"nl-NL","@id":"https:\/\/trabietoer.nl\/arrangement\/#\/schema\/logo\/image\/","url":"https:\/\/trabietoer.nl\/arrangement\/wp-content\/uploads\/2024\/09\/11020805.jpg","contentUrl":"https:\/\/trabietoer.nl\/arrangement\/wp-content\/uploads\/2024\/09\/11020805.jpg","width":400,"height":267,"caption":"Trabietoer"},"image":{"@id":"https:\/\/trabietoer.nl\/arrangement\/#\/schema\/logo\/image\/"},"sameAs":["https:\/\/www.facebook.com\/trabietoer"]}]}},"_links":{"self":[{"href":"https:\/\/trabietoer.nl\/arrangement\/index.php?rest_route=\/wp\/v2\/pages\/849","targetHints":{"allow":["GET"]}}],"collection":[{"href":"https:\/\/trabietoer.nl\/arrangement\/index.php?rest_route=\/wp\/v2\/pages"}],"about":[{"href":"https:\/\/trabietoer.nl\/arrangement\/index.php?rest_route=\/wp\/v2\/types\/page"}],"author":[{"embeddable":true,"href":"https:\/\/trabietoer.nl\/arrangement\/index.php?rest_route=\/wp\/v2\/users\/1"}],"replies":[{"embeddable":true,"href":"https:\/\/trabietoer.nl\/arrangement\/index.php?rest_route=%2Fwp%2Fv2%2Fcomments&post=849"}],"version-history":[{"count":27,"href":"https:\/\/trabietoer.nl\/arrangement\/index.php?rest_route=\/wp\/v2\/pages\/849\/revisions"}],"predecessor-version":[{"id":1770,"href":"https:\/\/trabietoer.nl\/arrangement\/index.php?rest_route=\/wp\/v2\/pages\/849\/revisions\/1770"}],"wp:attachment":[{"href":"https:\/\/trabietoer.nl\/arrangement\/index.php?rest_route=%2Fwp%2Fv2%2Fmedia&parent=849"}],"curies":[{"name":"wp","href":"https:\/\/api.w.org\/{rel}","templated":true}]}}